t is p(v)?
-3
Suppose 0*j - 5*j + 10 = 0. Let g(o) = -3 + o**3 + 2 - o**j + 4 - o - 2. Let w(y) = y**3 + 4*y**2 - 2*y - 6. Let b be w(-4). Determine g(b).
3
Let z(o) = -o**2. Let g(m) = 3*m**3 - 3*m**2 - m - 1. Let w(x) = -g(x) + 3*z(x). Give w(-1).
3
Let n(w) = 2*w**3 - w**2 - 2*w + 2. Let j = 84 - 82. What is n(j)?
10
Let f(n) = n**2 - n + 9. Suppose -2*v = -v. Give f(v).
9
Let l(d) = d**2 + 6*d + 4. Suppose -t = 2*t + 3*q + 36, 2*q + 31 = -3*t. Give l(t).
11
Suppose k - 4 = 2. Let m(z) = -k - z**3 + 1 + 4*z + 2*z + 3*z**2 - z. Calculate m(4).
-1
Let r(v) be the first derivative of -5*v**4/4 + v**3/3 - v**2 + v + 5. Let s = 2 - 2. Suppose 0*d + 5*d - 4*i - 17 = s, -5*d + 3*i = -14. Give r(d).
-5
Let l(f) = 2*f**2 - 2*f - 1. Let s(n) be the second derivative of n**4/12 + 13*n**3/6 - n**2/2 + 5*n. Let z be s(-13). Give l(z).
3
Suppose -4*o + 12 = -o. Let y(l) = l**3 - 4*l**2 + 1. Calculate y(o).
1
Let f(s) = -s**2 + 6*s + 1. Let x(r) = r**2 - 11*r + 12. Let o be x(9). Let j be 2 - ((-8)/1)/(-2). Let a be j/6 + (-32)/o. What is f(a)?
6
Let v(w) be the second derivative of -3*w - 2*w**2 + 0*w**3 + 1/12*w**4 + 0. Let n = -1 - 2. Give v(n).
5
Let d(w) = w**3 - 6*w**2 + 3*w + 3. Let f be d(4). Let x = -6 - f. Let c(l) = -5 - x*l + 3*l**2 + 9*l - 2*l**2. Determine c(4).
3
Let q(y) = 23*y**2 - 3*y**3 + 19*y**2 - 43*y**2. Give q(-1).
2
Let p(z) = z**3 + 5*z**2 - 5. Let c be p(-5). Let l = c - -8. Suppose -3*o - 11 = -5*j, l*o + 2 + 3 = -j. Let x(u) = u - 1. Give x(j).
0
Let s(f) be the second derivative of f**5/20 - 5*f**4/12 - f**3 - f**2 - f. Let l be (-180)/(-9) - 6/2. Suppose 0 = -l*j + 16*j + 6. Calculate s(j).
-2
Let t(w) = w**2 + 4*w. Let m = -11 + 8. Let o = m + 0. What is t(o)?
-3
Let h(x) be the first derivative of -x + 5 + 1/3*x**3 + 2*x**2. Give h(-5).
4
Let u(l) = 2*l**2 + 2*l + 3. Let d = 3 + 3. Let n = 4 - d. Let s be -3 + (n + 1)/(-1). Give u(s).
7
Let z = 11 + -14. Let s be z + 2 + -4 + 3. Let y(l) = -1 - 2*l + 0*l - 3*l**2 + l**2. What is y(s)?
-5
Let z(k) = -2*k**2 - 2*k + 2. Suppose -7*i + 64 = -3*i. Suppose -5*f + 20 = -w, -2*f + 12 = -w - 5*f. Let t be i/(-10) - (-6)/w. Give z(t).
-2
Suppose -14*j + 8 = -15*j. Let p(x) = -x**2 - 10*x - 11. Determine p(j).
5
Let i(s) = s + 3. Let x be i(0). Let h(v) be the first derivative of 3/2*v**2 + 2 - 1/3*v**3 + 3*v. Determine h(x).
3
Let b(k) = 6*k**2 + 30*k + 3. Let r be b(-5). Let g(z) = -z**3 + z**2 + 4*z - 1. What is g(r)?
-7
Let u(f) = f + 6. Let s(c) = 1. Let z(w) = 6*s(w) - u(w). What is z(-6)?
6
Let h(d) be the second derivative of -d**5/20 + d**4/3 - d**3/2 + 3*d**2 - 42*d. Suppose 4*w = 25 + 31. Let c = -10 + w. Calculate h(c).
-6
Let l(g) = 3*g**3 - g**2 + 4*g + 4. Let q(j) = -4*j**3 + 2*j**2 - 5*j - 5. Let i(a) = -5*l(a) - 4*q(a). What is i(2)?
-4
Let a(g) = -9*g + 23*g - 13*g - 1. Give a(-6).
-7
Let n(f) be the second derivative of -f**3/6 + 2*f. Let r be n(-4). Suppose r = k - 0. Let i(l) = -l**2 + 5*l + 1. What is i(k)?
5
Let z(b) = 2*b**2 + b - 1. Suppose 10*y - 8 = 2. Give z(y).
2
Let i(d) be the third derivative of d**5/60 - 7*d**4/24 + d**3/3 - 7*d**2. Suppose 4*l - 6*l = -8. Suppose -38 + 14 = -l*k. Determine i(k).
-4
Let y(t) = 2*t**2 - 20*t - 19. Let o be y(11). Let h(c) = c**2 - 3*c - 3. Determine h(o).
-3
Let y(x) = 7*x + 5. Let f(o) = 8*o + 6. Let w(r) = 6*f(r) - 7*y(r). Suppose -3*a + a + 5*p - 4 = 0, -8 = 4*a + p. Let s be (-1)/a*-1*0. What is w(s)?
1
Let v be (-4 - -3)/(1/(-2)). Let a be -1 - (0 - (-4)/v). Let p(z) = 2*z - 1. Let r(j) = 2*j - 2. Let h(i) = -2*p(i) + 3*r(i). What is h(a)?
-10
Let n(g) = -g + 5. Let o = -1 - -4. Suppose 0 = j + o*j - 16. Calculate n(j).
1
Let o(i) = i**3 - 5*i**2 - 3*i - 7. Let a = 5 - -1. Determine o(a).
11
Let r(u) = -u + 4. Let g(s) = -s**2 - 6*s + 4. Let n be g(-6). Suppose 0 = -2*x + 4*q - 20, 0*q + q + 13 = -n*x. Determine r(x).
8
Let n(w) = -w + 5*w**2 - 2*w**2 + 0*w + 1 - w**3. Let g(m) = m + 9. Let o be g(-7). What is n(o)?
3
Let b(p) = -4*p - 3. Let w = 127 + -129. Determine b(w).
5
Let i(p) = p**2 + p + 1. Let z = 5 - 5. Determine i(z).
1
Let k(w) = -w**3 + 6*w**2 - 11*w + 3. Let u(t) = t**3 - 6*t**2 + 10*t - 2. Let y(d) = -4*k(d) - 5*u(d). What is y(5)?
-7
Let h(d) = -d**3 + 4*d**2 - d - 3. Let g(i) = -i**3 + 2*i**2 - 1. Let j be g(1). Let n = 53 + -56. Let w = j - n. Calculate h(w).
3
Suppose -3*v + 4*f = -10, -3*v + 7*v = -3*f - 20. Let b(l) = -l**3 + l**2 + l + 2. Give b(v).
12
Let u(j) = -j - 4. Let q(x) = x**3 - 6*x**2 - 4*x + 3. Let m(y) = -3*y**3 + 17*y**2 + 12*y - 9. Let k(p) = 4*m(p) + 11*q(p). Let c be k(3). Give u(c).
-4
Let q(y) = -17 - y**2 + 22 + y - 6*y. What is q(-6)?
-1
Let d(p) = 7*p - 5. Let r(t) be the second derivative of 2*t + 0 + 5/2*t**2 - t**3. Let l(x) = 3*d(x) + 4*r(x). Give l(4).
-7
Let f(p) be the first derivative of p**2 - 5*p - 2. Determine f(6).
7
Let f(t) be the second derivative of -t**4/12 + 2*t**3/3 + 3*t**2/2 + 16*t. Determine f(4).
3
Suppose -4*r + 3 = -13. Let i be (3/r)/(4/16). Let p(t) = t**2 - t + 3. What is p(i)?
9
Let g(r) = 4*r**2 + 7*r + 2. Let m(b) = 2*b**2 + 4*b + 1. Let o(k) = 3*g(k) - 5*m(k). Let c be -3 - 6/(9/(-3)). Calculate o(c).
2
Let b be (-8)/(-5) - (-2)/5. Suppose 0*l + b*l + 4 = 0. Let u(d) = -12*d**3 - 4*d + 5*d**3 - 4*d**2 - 2 + 6*d**3. Calculate u(l).
-2
Let v(m) be the second derivative of 3*m**5/10 + m**4/12 - m**3/6 + m**2/2 + 9*m. Give v(1).
7
Let r = 1 + 1. Let v(p) = -p - 5*p**2 + 2 + 0*p + 6*p**r. What is v(2)?
4
Let i(o) = -16*o**3 + 11*o**2 + 4*o - 16. Let s(d) = 3*d**3 - 2*d**2 - d + 3. Let j(y) = 2*i(y) + 11*s(y). Determine j(2).
3
Let b(c) = -c**2 - 5*c - 4. Let z be b(-3). Let n(i) = i**2 - 2 + z + 5 + 6*i. Suppose -2*f - 10 = 2*s + f, -25 = 5*s + 5*f. Give n(s).
0
Let c(z) be the second derivative of -z**3/3 + 3*z**2 - 5*z. What is c(5)?
-4
Let v(p) = 4*p - p**2 + 2*p - 1 + 0*p**2 - p. Calculate v(6).
-7
Let n(p) = -21*p - 5. Let j(h) = -5*h - 1. Let b(y) = -9*j(y) + 2*n(y). Let f(l) = -l**2 + 4*l + 1. Let q be f(4). What is b(q)?
2
Let s(y) = -y + 0 + 17 - 1 - y**2. Let r(z) = -z**3 + 6*z**2 + 9*z - 14. Let h be r(7). Determine s(h).
16
Suppose 5*t = -17 - 8. Let v(l) = -l**2 - 4*l + 1. Calculate v(t).
-4
Let s(q) = 3*q + 2 + 0 - 2*q. Let x = 18 - 21. What is s(x)?
-1
Let g(s) = s**3 - 3*s**2 + s. Let b be g(3). Suppose b*r + r + 16 = 0. Let j(w) = -220*w + 113*w - 2 + 108*w. Determine j(r).
-6
Let u(j) = -9*j**2. Let k(d) = -d**2 + 5*d + 7. Let z be k(6). Let t = z + 0. Give u(t).
-9
Let j = -5 - -8. Let n(z) = z**3 + 5*z**2. Let c be n(-5). Suppose -3*b - j*u = c, -5*b + u = -2*b + 20. Let o(d) = -d**2 - 4*d - 1. Give o(b).
-6
Suppose j - 3*k + 4 = 0, -2*j + j = -2*k + 2. Suppose -o - j = -2*o. Let l(d) = -4 - 6*d - d**2 + o*d + 0*d. Determine l(-4).
-4
Suppose b + 6*b + 14 = 0. Let q(y) be the first derivative of -y**2 + y - 1. Determine q(b).
5
Let r be -1 + (-6)/4*-2. Let m(q) be the third derivative of q**6/360 + q**5/60 + q**4/12 - 2*q**2. Let c(a) be the second derivative of m(a). What is c(r)?
6
Let p(v) = -2*v**2 - 7*v + 3. Let o(q) = 2*q**2 + 7*q - 2. Let h(t) = 7*o(t) + 6*p(t). Suppose 0 = -2*y + y - 2. Let g be y/6 + (-44)/12. Determine h(g).
8
Let d = 84 - 86. Let h(f) = 2*f**3 + 2*f**2 + f + 1. Calculate h(d).
-9
Let n = 3 + -6. Let j be (-18)/(-3)*n/6. Let r = -5 - j. Let b(p) = 3*p**2 + 3*p + 1. Calculate b(r).
7
Let i be 1 - ((0 - 2) + -1). Suppose 3*y + i = 5*y. Let n(p) = -p**2 + 3 + 0 - p - 2. What is n(y)?
-5
Let c(o) = -2*o**3 - 2*o + 7 - 6*o**2 - 2*o**3 + 3*o**3 + 3*o. Let t be ((-2 - -8) + 0)*-1. Give c(t).
1
Let i(v) = -v**3 - 4*v**2 + v - 1. Suppose 17 = 2*l - 5*b, 0 = -5*l - 2*b + 37 - 9. Suppose 4*q = 18 - l. Let m be (-4)/9*3*q. What is i(m)?
-5
Let i(v) = -3*v**2 + 3*v - 69 + 48 + 19. Let f(o) = -5*o**3 + 2*o - 1. Let p be f(1). Let x be ((-6)/p)/((-3)/(-4)). What is i(x)?
-8
Suppose 4*p = n + 3, 2*n = 4*p - 3*p + 1. Let g(y) = -4 + 6 + y - 3*y**2 + 2*y**2 - p. Suppose -1 = -d - 3. What is g(d)?
-5
Let s be (-3)/2 + (-18)/12. Let r(f) = 4*f - 4. Let m(l) = 3*l - 3. Let c(z) = s*m(z) + 2*r(z). Calculate c(3).
-2
Let p(k) be the third derivative of -k**6/360 - k**5/40 + k**4/12 - 3*k**2. Let s(c) be the second derivative of p(c). What is s(-5)?
7
Let y(t) = -10*t**2 - 2*t + 9*t**2 - 1 - 4*t. Give y(-7).
-8
Let 